[INFO] cloning repository https://github.com/Hperigo/Pira
[INFO] running `Command { std: "git" "-c" "credential.helper=" "-c" "credential.helper=/workspace/cargo-home/bin/git-credential-null" "clone" "--bare" "https://github.com/Hperigo/Pira" "/workspace/cache/git-repos/https%3A%2F%2Fgithub.com%2FHperigo%2FPira", kill_on_drop: false }`
[INFO] [stderr] Cloning into bare repository '/workspace/cache/git-repos/https%3A%2F%2Fgithub.com%2FHperigo%2FPira'...
[INFO] running `Command { std: "git" "rev-parse" "HEAD", kill_on_drop: false }`
[INFO] [stdout] 2bbfcfeb378fb683f015fe22e20e128a5e4e5049
[INFO] checking Hperigo/Pira against master#9610dfe5a9a731ced1ea4923ecbd0c57fe367898 for beta-170-4
[INFO] running `Command { std: "git" "clone" "/workspace/cache/git-repos/https%3A%2F%2Fgithub.com%2FHperigo%2FPira" "/workspace/builds/worker-3-tc1/source", kill_on_drop: false }`
[INFO] [stderr] Cloning into '/workspace/builds/worker-3-tc1/source'...
[INFO] [stderr] done.
[INFO] validating manifest of git repo https://github.com/Hperigo/Pira on toolchain 9610dfe5a9a731ced1ea4923ecbd0c57fe367898
[INFO] running `Command { std: CARGO_HOME="/workspace/cargo-home" RUSTUP_HOME="/workspace/rustup-home" "/workspace/cargo-home/bin/cargo" "+9610dfe5a9a731ced1ea4923ecbd0c57fe367898" "metadata" "--manifest-path" "Cargo.toml" "--no-deps", kill_on_drop: false }`
[INFO] removed /workspace/builds/worker-3-tc1/source/.cargo/config.toml
[INFO] started tweaking git repo https://github.com/Hperigo/Pira
[INFO] finished tweaking git repo https://github.com/Hperigo/Pira
[INFO] tweaked toml for git repo https://github.com/Hperigo/Pira written to /workspace/builds/worker-3-tc1/source/Cargo.toml
[INFO] crate git repo https://github.com/Hperigo/Pira already has a lockfile, it will not be regenerated
[INFO] running `Command { std: CARGO_HOME="/workspace/cargo-home" RUSTUP_HOME="/workspace/rustup-home" "/workspace/cargo-home/bin/cargo" "+9610dfe5a9a731ced1ea4923ecbd0c57fe367898" "fetch" "--manifest-path" "Cargo.toml", kill_on_drop: false }`
[INFO] [stderr]     Updating crates.io index
[INFO] [stderr]  Downloading crates ...
[INFO] [stderr]   Downloaded egui v0.18.1
[INFO] [stderr]   Downloaded indextree v4.3.1
[INFO] [stderr]   Downloaded egui_glow v0.18.1
[INFO] [stderr]   Downloaded wayland-egl v0.29.1
[INFO] [stderr]   Downloaded epaint v0.18.1
[INFO] running `Command { std: "docker" "create" "-v" "/var/lib/crater-agent-workspace/builds/worker-3-tc1/target:/opt/rustwide/target:rw,Z" "-v" "/var/lib/crater-agent-workspace/builds/worker-3-tc1/source:/opt/rustwide/workdir:ro,Z" "-v" "/var/lib/crater-agent-workspace/cargo-home:/opt/rustwide/cargo-home:ro,Z" "-v" "/var/lib/crater-agent-workspace/rustup-home:/opt/rustwide/rustup-home:ro,Z" "-e" "SOURCE_DIR=/opt/rustwide/workdir" "-e" "CARGO_TARGET_DIR=/opt/rustwide/target" "-e" "CARGO_HOME=/opt/rustwide/cargo-home" "-e" "RUSTUP_HOME=/opt/rustwide/rustup-home" "-w" "/opt/rustwide/workdir" "-m" "1610612736" "--user" "0:0" "--network" "none" "ghcr.io/rust-lang/crates-build-env/linux@sha256:19e73879b68f455e41552ea35293514db52ea292d993f571636dbffedb77a1ee" "/opt/rustwide/cargo-home/bin/cargo" "+9610dfe5a9a731ced1ea4923ecbd0c57fe367898" "metadata" "--no-deps" "--format-version=1", kill_on_drop: false }`
[INFO] [stdout] 688ce7990b3b5b62bf47c4308fa7e351ebc872e1ad716d02c445bb5e238de71c
[INFO] running `Command { std: "docker" "start" "-a" "688ce7990b3b5b62bf47c4308fa7e351ebc872e1ad716d02c445bb5e238de71c", kill_on_drop: false }`
[INFO] running `Command { std: "docker" "inspect" "688ce7990b3b5b62bf47c4308fa7e351ebc872e1ad716d02c445bb5e238de71c", kill_on_drop: false }`
[INFO] running `Command { std: "docker" "rm" "-f" "688ce7990b3b5b62bf47c4308fa7e351ebc872e1ad716d02c445bb5e238de71c", kill_on_drop: false }`
[INFO] [stdout] 688ce7990b3b5b62bf47c4308fa7e351ebc872e1ad716d02c445bb5e238de71c
[INFO] running `Command { std: "docker" "create" "-v" "/var/lib/crater-agent-workspace/builds/worker-3-tc1/target:/opt/rustwide/target:rw,Z" "-v" "/var/lib/crater-agent-workspace/builds/worker-3-tc1/source:/opt/rustwide/workdir:ro,Z" "-v" "/var/lib/crater-agent-workspace/cargo-home:/opt/rustwide/cargo-home:ro,Z" "-v" "/var/lib/crater-agent-workspace/rustup-home:/opt/rustwide/rustup-home:ro,Z" "-e" "SOURCE_DIR=/opt/rustwide/workdir" "-e" "CARGO_TARGET_DIR=/opt/rustwide/target" "-e" "CARGO_INCREMENTAL=0" "-e" "RUST_BACKTRACE=full" "-e" "RUSTFLAGS=--cap-lints=forbid" "-e" "RUSTDOCFLAGS=--cap-lints=forbid" "-e" "CARGO_HOME=/opt/rustwide/cargo-home" "-e" "RUSTUP_HOME=/opt/rustwide/rustup-home" "-w" "/opt/rustwide/workdir" "-m" "1610612736" "--user" "0:0" "--network" "none" "ghcr.io/rust-lang/crates-build-env/linux@sha256:19e73879b68f455e41552ea35293514db52ea292d993f571636dbffedb77a1ee" "/opt/rustwide/cargo-home/bin/cargo" "+9610dfe5a9a731ced1ea4923ecbd0c57fe367898" "check" "--frozen" "--all" "--all-targets" "--message-format=json", kill_on_drop: false }`
[INFO] [stdout] ed6628fdaf60063d5b1c65024d682ca94d82a58fba6a75f6ea81208c6a0acdee
[INFO] running `Command { std: "docker" "start" "-a" "ed6628fdaf60063d5b1c65024d682ca94d82a58fba6a75f6ea81208c6a0acdee", kill_on_drop: false }`
[INFO] [stderr]    Compiling libc v0.2.119
[INFO] [stderr]    Compiling xml-rs v0.8.4
[INFO] [stderr]     Checking smallvec v1.7.0
[INFO] [stderr]    Compiling log v0.4.14
[INFO] [stderr]    Compiling syn v1.0.84
[INFO] [stderr]     Checking once_cell v1.9.0
[INFO] [stderr]     Checking libloading v0.7.2
[INFO] [stderr]    Compiling memchr v2.4.1
[INFO] [stderr]    Compiling lock_api v0.4.7
[INFO] [stderr]    Compiling wayland-sys v0.29.1
[INFO] [stderr]    Compiling crossbeam-utils v0.8.5
[INFO] [stderr]    Compiling khronos_api v3.1.0
[INFO] [stderr]    Compiling nom v7.1.0
[INFO] [stderr]    Compiling quote v1.0.14
[INFO] [stderr]    Compiling crossbeam-epoch v0.9.5
[INFO] [stderr]     Checking minimal-lexical v0.2.1
[INFO] [stderr]     Checking dlib v0.5.0
[INFO] [stderr]    Compiling x11-dl v2.19.1
[INFO] [stderr]    Compiling parking_lot_core v0.9.3
[INFO] [stderr]    Compiling rayon-core v1.9.3
[INFO] [stderr]    Compiling smithay-client-toolkit v0.15.3
[INFO] [stderr]     Checking ttf-parser v0.14.0
[INFO] [stderr]    Compiling num-traits v0.2.14
[INFO] [stderr]    Compiling rayon v1.5.3
[INFO] [stderr]     Checking ab_glyph_rasterizer v0.1.5
[INFO] [stderr]    Compiling wayland-scanner v0.29.1
[INFO] [stderr]     Checking cty v0.2.2
[INFO] [stderr]    Compiling winit v0.26.1
[INFO] [stderr]     Checking adler32 v1.2.0
[INFO] [stderr]    Compiling futures-core v0.3.21
[INFO] [stderr]     Checking miniz_oxide v0.5.3
[INFO] [stderr]     Checking raw-window-handle v0.4.2
[INFO] [stderr]    Compiling gl_generator v0.14.0
[INFO] [stderr]     Checking crossbeam-channel v0.5.1
[INFO] [stderr]    Compiling num-integer v0.1.44
[INFO] [stderr]     Checking tracing-core v0.1.22
[INFO] [stderr]     Checking either v1.7.0
[INFO] [stderr]     Checking deflate v1.0.0
[INFO] [stderr]     Checking spin v0.9.4
[INFO] [stderr]     Checking crossbeam-deque v0.8.1
[INFO] [stderr]     Checking futures-sink v0.3.21
[INFO] [stderr]     Checking weezl v0.1.7
[INFO] [stderr]     Checking flate2 v1.0.24
[INFO] [stderr]     Checking inflate v0.4.5
[INFO] [stderr]     Checking half v1.8.2
[INFO] [stderr]     Checking lebe v0.5.1
[INFO] [stderr]     Checking bit_field v0.10.1
[INFO] [stderr]     Checking png v0.17.5
[INFO] [stderr]     Checking scoped_threadpool v0.1.9
[INFO] [stderr]     Checking glow v0.11.2
[INFO] [stderr]     Checking glam v0.21.3
[INFO] [stderr]     Checking indextree v4.3.1
[INFO] [stderr]     Checking gif v0.11.4
[INFO] [stderr]    Compiling glutin_egl_sys v0.1.5
[INFO] [stderr]    Compiling glutin_glx_sys v0.1.7
[INFO] [stderr]     Checking getrandom v0.2.3
[INFO] [stderr]     Checking nix v0.22.0
[INFO] [stderr]     Checking num_cpus v1.13.1
[INFO] [stderr]     Checking parking_lot_core v0.8.5
[INFO] [stderr]     Checking memmap2 v0.3.1
[INFO] [stderr]     Checking mio v0.8.0
[INFO] [stderr]     Checking ahash v0.7.6
[INFO] [stderr]    Compiling wayland-client v0.29.1
[INFO] [stderr]    Compiling wayland-protocols v0.29.1
[INFO] [stderr]     Checking owned_ttf_parser v0.14.0
[INFO] [stderr]     Checking parking_lot v0.11.2
[INFO] [stderr]     Checking nanorand v0.6.1
[INFO] [stderr]     Checking ab_glyph v0.2.13
[INFO] [stderr]     Checking parking_lot v0.12.1
[INFO] [stderr]     Checking threadpool v1.8.1
[INFO] [stderr]     Checking shared_library v0.1.9
[INFO] [stderr]     Checking rand_core v0.6.3
[INFO] [stderr]     Checking osmesa-sys v0.1.2
[INFO] [stderr]     Checking num-rational v0.4.0
[INFO] [stderr]     Checking rand_chacha v0.3.1
[INFO] [stderr]     Checking rand v0.8.4
[INFO] [stderr]     Checking xcursor v0.3.4
[INFO] [stderr]     Checking jpeg-decoder v0.2.6
[INFO] [stderr]     Checking wayland-commons v0.29.1
[INFO] [stderr]     Checking calloop v0.9.3
[INFO] [stderr]     Checking tiff v0.7.2
[INFO] [stderr]    Compiling bytemuck_derive v1.0.1
[INFO] [stderr]    Compiling pin-project-internal v1.0.11
[INFO] [stderr]    Compiling tracing-attributes v0.1.22
[INFO] [stderr]     Checking wayland-cursor v0.29.1
[INFO] [stderr]     Checking wayland-egl v0.29.1
[INFO] [stderr]     Checking bytemuck v1.7.3
[INFO] [stderr]     Checking emath v0.18.0
[INFO] [stderr]     Checking epaint v0.18.1
[INFO] [stderr]     Checking pin-project v1.0.11
[INFO] [stderr]     Checking flume v0.10.11
[INFO] [stderr]     Checking tracing v0.1.31
[INFO] [stderr]     Checking exr v1.4.2
[INFO] [stderr]     Checking egui v0.18.1
[INFO] [stderr]     Checking image v0.24.3
[INFO] [stderr]     Checking egui-winit v0.18.0
[INFO] [stderr]     Checking glutin v0.28.0
[INFO] [stderr]     Checking egui_glow v0.18.1
[INFO] [stderr]     Checking piralib v0.1.0 (/opt/rustwide/workdir)
[INFO] [stdout] warning: variable does not need to be mutable
[INFO] [stdout]    --> src/utils/transform_system.rs:192:17
[INFO] [stdout]     |
[INFO] [stdout] 192 |             let mut node = self.transforms.get_mut(&id).unwrap();
[INFO] [stdout]     |                 ----^^^^
[INFO] [stdout]     |                 |
[INFO] [stdout]     |                 help: remove this `mut`
[INFO] [stdout]     |
[INFO] [stdout]     = note: `#[warn(unused_mut)]` on by default
[INFO] [stdout] 
[INFO] [stdout] 
[INFO] [stdout] warning: variable does not need to be mutable
[INFO] [stdout]    --> src/utils/transform_system.rs:195:17
[INFO] [stdout]     |
[INFO] [stdout] 195 |             let mut node = self.transforms.get_mut(&id).unwrap();
[INFO] [stdout]     |                 ----^^^^
[INFO] [stdout]     |                 |
[INFO] [stdout]     |                 help: remove this `mut`
[INFO] [stdout] 
[INFO] [stdout] 
[INFO] [stdout] warning: variable does not need to be mutable
[INFO] [stdout]    --> src/utils/transform_system.rs:212:17
[INFO] [stdout]     |
[INFO] [stdout] 212 |             let mut node = self.transforms.get_mut(&id).unwrap();
[INFO] [stdout]     |                 ----^^^^
[INFO] [stdout]     |                 |
[INFO] [stdout]     |                 help: remove this `mut`
[INFO] [stdout] 
[INFO] [stdout] 
[INFO] [stdout] warning: variable does not need to be mutable
[INFO] [stdout]    --> src/utils/transform_system.rs:216:17
[INFO] [stdout]     |
[INFO] [stdout] 216 |             let mut node = self.transforms.get_mut(&id).unwrap();
[INFO] [stdout]     |                 ----^^^^
[INFO] [stdout]     |                 |
[INFO] [stdout]     |                 help: remove this `mut`
[INFO] [stdout] 
[INFO] [stdout] 
[INFO] [stdout] warning: variable does not need to be mutable
[INFO] [stdout]    --> src/utils/transform_system.rs:232:17
[INFO] [stdout]     |
[INFO] [stdout] 232 |             let mut node = self.transforms.get_mut(&id).unwrap();
[INFO] [stdout]     |                 ----^^^^
[INFO] [stdout]     |                 |
[INFO] [stdout]     |                 help: remove this `mut`
[INFO] [stdout] 
[INFO] [stdout] 
[INFO] [stdout] warning: variable does not need to be mutable
[INFO] [stdout]    --> src/utils/transform_system.rs:236:17
[INFO] [stdout]     |
[INFO] [stdout] 236 |             let mut node = self.transforms.get_mut(&id).unwrap();
[INFO] [stdout]     |                 ----^^^^
[INFO] [stdout]     |                 |
[INFO] [stdout]     |                 help: remove this `mut`
[INFO] [stdout] 
[INFO] [stdout] 
[INFO] [stdout] warning: variable does not need to be mutable
[INFO] [stdout]    --> src/utils/transform_system.rs:192:17
[INFO] [stdout]     |
[INFO] [stdout] 192 |             let mut node = self.transforms.get_mut(&id).unwrap();
[INFO] [stdout]     |                 ----^^^^
[INFO] [stdout]     |                 |
[INFO] [stdout]     |                 help: remove this `mut`
[INFO] [stdout]     |
[INFO] [stdout]     = note: `#[warn(unused_mut)]` on by default
[INFO] [stdout] 
[INFO] [stdout] 
[INFO] [stdout] warning: variable does not need to be mutable
[INFO] [stdout]    --> src/utils/transform_system.rs:195:17
[INFO] [stdout]     |
[INFO] [stdout] 195 |             let mut node = self.transforms.get_mut(&id).unwrap();
[INFO] [stdout]     |                 ----^^^^
[INFO] [stdout]     |                 |
[INFO] [stdout]     |                 help: remove this `mut`
[INFO] [stdout] 
[INFO] [stdout] 
[INFO] [stdout] warning: variable does not need to be mutable
[INFO] [stdout]    --> src/utils/transform_system.rs:212:17
[INFO] [stdout]     |
[INFO] [stdout] 212 |             let mut node = self.transforms.get_mut(&id).unwrap();
[INFO] [stdout]     |                 ----^^^^
[INFO] [stdout]     |                 |
[INFO] [stdout]     |                 help: remove this `mut`
[INFO] [stdout] 
[INFO] [stdout] 
[INFO] [stdout] warning: variable does not need to be mutable
[INFO] [stdout]    --> src/utils/transform_system.rs:216:17
[INFO] [stdout]     |
[INFO] [stdout] 216 |             let mut node = self.transforms.get_mut(&id).unwrap();
[INFO] [stdout]     |                 ----^^^^
[INFO] [stdout]     |                 |
[INFO] [stdout]     |                 help: remove this `mut`
[INFO] [stdout] 
[INFO] [stdout] 
[INFO] [stdout] warning: variable does not need to be mutable
[INFO] [stdout]    --> src/utils/transform_system.rs:232:17
[INFO] [stdout]     |
[INFO] [stdout] 232 |             let mut node = self.transforms.get_mut(&id).unwrap();
[INFO] [stdout]     |                 ----^^^^
[INFO] [stdout]     |                 |
[INFO] [stdout]     |                 help: remove this `mut`
[INFO] [stdout] 
[INFO] [stdout] 
[INFO] [stdout] warning: variable does not need to be mutable
[INFO] [stdout]    --> src/utils/transform_system.rs:236:17
[INFO] [stdout]     |
[INFO] [stdout] 236 |             let mut node = self.transforms.get_mut(&id).unwrap();
[INFO] [stdout]     |                 ----^^^^
[INFO] [stdout]     |                 |
[INFO] [stdout]     |                 help: remove this `mut`
[INFO] [stdout] 
[INFO] [stdout] 
[INFO] [stdout] warning: 6 warnings emitted
[INFO] [stdout] 
[INFO] [stdout] 
[INFO] [stdout] warning: 6 warnings emitted
[INFO] [stdout] 
[INFO] [stdout] 
[INFO] [stdout] error[E0432]: unresolved import `nalgebra_glm`
[INFO] [stdout]  --> examples/wasm-app/main.rs:3:5
[INFO] [stdout]   |
[INFO] [stdout] 3 | use nalgebra_glm as glm;
[INFO] [stdout]   |     ^^^^^^^^^^^^^^^^^^^ no external crate `nalgebra_glm`
[INFO] [stdout] 
[INFO] [stdout] 
[INFO] [stdout] error[E0433]: failed to resolve: could not find `Geometry` in `glh`
[INFO] [stdout]   --> examples/wasm-app/main.rs:15:20
[INFO] [stdout]    |
[INFO] [stdout] 15 |     let geo = glh::Geometry::rect(0.0, 0.0, 100.0, 100.0, false);
[INFO] [stdout]    |                    ^^^^^^^^ could not find `Geometry` in `glh`
[INFO] [stdout]    |
[INFO] [stdout] help: consider importing one of these items
[INFO] [stdout]    |
[INFO] [stdout] 2  + use glutin::platform::unix::x11::util::Geometry;
[INFO] [stdout]    |
[INFO] [stdout] 2  + use piralib::utils::geo::Geometry;
[INFO] [stdout]    |
[INFO] [stdout] help: if you import `Geometry`, refer to it directly
[INFO] [stdout]    |
[INFO] [stdout] 15 -     let geo = glh::Geometry::rect(0.0, 0.0, 100.0, 100.0, false);
[INFO] [stdout] 15 +     let geo = Geometry::rect(0.0, 0.0, 100.0, 100.0, false);
[INFO] [stdout]    |
[INFO] [stdout] 
[INFO] [stdout] 
[INFO] [stdout] error[E0061]: this function takes 4 arguments but 3 arguments were supplied
[INFO] [stdout]    --> examples/wasm-app/main.rs:16:15
[INFO] [stdout]     |
[INFO] [stdout] 16  |     let vao = glh::Vao::new_from_attrib(&_app.gl, &geo.attribs, &shader).unwrap();
[INFO] [stdout]     |               ^^^^^^^^^^^^^^^^^^^^^^^^^                         ------- an argument of type `u32` is missing
[INFO] [stdout]     |
[INFO] [stdout] note: associated function defined here
[INFO] [stdout]    --> /opt/rustwide/workdir/src/gl_helper/vao.rs:154:12
[INFO] [stdout]     |
[INFO] [stdout] 154 |     pub fn new_from_attrib(
[INFO] [stdout]     |            ^^^^^^^^^^^^^^^
[INFO] [stdout] help: provide the argument
[INFO] [stdout]     |
[INFO] [stdout] 16  |     let vao = glh::Vao::new_from_attrib(&_app.gl, &geo.attribs, /* u32 */, &shader).unwrap();
[INFO] [stdout]     |                                        ~~~~~~~~~~~~~~~~~~~~~~~~~~~~~~~~~~~~~~~~~~~~
[INFO] [stdout] 
[INFO] [stdout] 
[INFO] [stdout] error[E0308]: mismatched types
[INFO] [stdout]   --> examples/wasm-app/main.rs:31:9
[INFO] [stdout]    |
[INFO] [stdout] 29 |       _data.shader.set_orthographic_matrix(
[INFO] [stdout]    |                    ----------------------- arguments to this method are incorrect
[INFO] [stdout] 30 |           gl,
[INFO] [stdout] 31 | /         [
[INFO] [stdout] 32 | |             app.input_state.window_size.0 as f32,
[INFO] [stdout] 33 | |             app.input_state.window_size.1 as f32,
[INFO] [stdout] 34 | |         ],
[INFO] [stdout]    | |_________^ expected `&[f32; 2]`, found `[f32; 2]`
[INFO] [stdout]    |
[INFO] [stdout] note: method defined here
[INFO] [stdout]   --> /opt/rustwide/workdir/src/gl_helper/glsl_prog.rs:51:12
[INFO] [stdout]    |
[INFO] [stdout] 51 |     pub fn set_orthographic_matrix(&self, gl: &glow::Context, size: &[f32; 2]) {
[INFO] [stdout]    |            ^^^^^^^^^^^^^^^^^^^^^^^
[INFO] [stdout] help: consider borrowing here
[INFO] [stdout]    |
[INFO] [stdout] 31 |         &[
[INFO] [stdout]    |         +
[INFO] [stdout] 
[INFO] [stdout] 
[INFO] [stdout] error: aborting due to 4 previous errors
[INFO] [stdout] 
[INFO] [stdout] 
[INFO] [stdout] Some errors have detailed explanations: E0061, E0308, E0432, E0433.
[INFO] [stdout] 
[INFO] [stdout] For more information about an error, try `rustc --explain E0061`.
[INFO] [stdout] 
[INFO] [stderr] error: could not compile `piralib` (example "wasm-app") due to 5 previous errors
[INFO] [stderr] warning: build failed, waiting for other jobs to finish...
[INFO] running `Command { std: "docker" "inspect" "ed6628fdaf60063d5b1c65024d682ca94d82a58fba6a75f6ea81208c6a0acdee", kill_on_drop: false }`
[INFO] running `Command { std: "docker" "rm" "-f" "ed6628fdaf60063d5b1c65024d682ca94d82a58fba6a75f6ea81208c6a0acdee", kill_on_drop: false }`
[INFO] [stdout] ed6628fdaf60063d5b1c65024d682ca94d82a58fba6a75f6ea81208c6a0acdee
